(j)?
-8
Suppose -4*w = -2*f + 22, 22 = 2*f - 5*w - 3. Let h be (18/(-15))/((-26)/(-10) - 3). Let r(j) = -38 + h*j + 34 + 2*j - 6*j. Determine r(f).
-9
Suppose 0*t + 3*t + 9 = -4*z, 2*z + 4*t + 12 = 0. Suppose z = 14*o - 11*o - 12. Suppose 6 - o = -2*y. Let x(j) = -14*j**3 - j**2 + 1. Calculate x(y).
14
Let t(o) = -o**3 + 12*o + 0*o**3 - 6 - 5*o**2 + 3*o**2 - 9*o**2. Let v = -249 + 237. Calculate t(v).
-6
Let p = -12279 + 12279. Let n(h) be the second derivative of p + 3*h**2 - 28*h + 1/6*h**3. Calculate n(-6).
0
Let n = 84 - 90. Let m(v) = 4*v**2 + 22*v - 1. Give m(n).
11
Let i(p) = p**3 - 9*p**2 + 9*p - 3. Let c be i(8). Suppose -c*h = 13 - 28. Suppose h*s - 94 = -82. Let w(j) = j**3 - 4*j**2 + 2. What is w(s)?
2
Let v = 6 + -4. Let y(h) = 6*h**v - 6*h**2 - h**2 - 3*h. Suppose -11 + 43 = -8*f. What is y(f)?
-4
Suppose -2*l + 34 = -69*q + 64*q, -5*q = 4*l + 22. Let d(g) be the first derivative of -g**2 - 2*g + 2. Give d(l).
-6
Let k = 997 + -994. Let l(j) = -2*j**2 + j + 1. Determine l(k).
-14
Let a(d) = -7*d + 62. Let x(n) = 26*n - 226. Let v(l) = -11*a(l) - 3*x(l). Calculate v(24).
-28
Let f(w) = -7*w - 144. Let l be f(-22). Suppose 2*g + 2 = -l*b + 12*b, 0 = -3*b - g + 19. Let n(o) = o - 10. Calculate n(b).
-5
Let q(y) = 5*y**2 - 2*y - 2. Let r(s) = 2*s**2 - 4*s + 3. Let g(v) = -6*v**2 + 11*v - 8. Let c(o) = 3*g(o) + 8*r(o). Let x(n) = 3*c(n) + q(n). Give x(-2).
-8
Let x = 6 + -9. Let g(t) = -12 + 6 + 3*t + 11 + 2*t**2 - 12 + 9. Calculate g(x).
11
Let q = -31 + 37. Let l be 218/q - (-5)/(-15). Let x(a) = -5*a**2 + 35 - l + 3*a - 2*a**2. Calculate x(2).
-23
Let f(j) = 2*j**3 - 3*j**2 + j + 4. Suppose 7*g - 61 = -5*c, -g + 3*g = -5*c + 46. Determine f(g).
34
Let n(v) be the second derivative of -7*v**4/12 + v**3/3 + v**2 - 4670*v. Determine n(-1).
-7
Let d(a) be the third derivative of -3*a**4/4 + a**3/6 + 7250*a**2. Let k(h) = h**3 + h + 1. Let l(o) = o**3 - 1. Let b be l(0). Let u be k(b). Determine d(u).
19
Suppose -y + 3 = -16. Let c(f) = 4 - 18*f + y*f - 7*f. Let o be (-3)/(-5) - 12/(-5). Give c(o).
-14
Let s(i) = -i**2 - 28*i - 37. Suppose -5*p = 5*q + 125, -17*p + 55 = -20*p + 2*q. Calculate s(p).
110
Suppose -12 = 8*u - 14*u. Let i(b) = -1 - 153*b**2 - 155*b**2 - 14*b + 309*b**u. Give i(14).
-1
Let o(i) be the first derivative of -i**3/3 + i**2/2 + 6*i - 1864. Suppose 4*u - 8 = 2*u. Calculate o(u).
-6
Let s(n) = 1 + 5 - 154*n**2 + 85*n**2 - 5 + 76*n**2 - 36*n. Give s(5).
-4
Let i(l) = l**2 + 36*l + 4. Let n be i(-36). Let g be (n/(-4))/((-3)/21). Let r(o) = -o**3 + 6*o**2 + 4*o + 9. What is r(g)?
-12
Let k(w) = -29*w + 12. Let x(q) = 25*q - 10. Let o(c) = -7*k(c) - 8*x(c). Determine o(3).
5
Let d(o) = -126*o - 109*o + 2*o**3 + 11*o**2 - 112*o + 339*o + 1. Determine d(-6).
13
Let h be (-48)/(-27) + -4 + (-48)/(-216). Let u(v) = -5*v - 19. Determine u(h).
-9
Let v(c) = 3*c**3 - c + 2. Let z(d) = -29*d**3 - 2*d**2 + 15*d - 19. Let g(b) = 10*v(b) + z(b). Calculate g(3).
25
Suppose 79*j + 10 = 84*j. Suppose 5*u = 5*s - 30, -u = j*s + 3*u - 6. Let g(x) = -x**2 + 3*x - 11. Let t(n) = -1. Let o(b) = -g(b) + 4*t(b). Calculate o(s).
17
Let m be 12/28 + (-200)/(-350). Suppose 3*x - 4*l = -6, -l + 10 = -x + 3*l. Let p(a) = 2*a**3 - a + 8*a - a**3 + 1 + m - 6*a**x. Give p(5).
12
Let c be (-85)/(-15) - -6*(1287/(-162) - -8). Let x(r) = -2*r**3 - 13*r**2 + 150*r - 1. Give x(c).
-1
Let u = 4020 + -4018. Let r(l) = -14*l + 17. Give r(u).
-11
Let d(p) = p**2 - 8*p + 4. Let x(f) = 4*f**2 - 8*f + 7. Let l be x(1). Suppose l*c - 25 = -0*c - 2*q, -5*q = 4*c - 45. Calculate d(c).
-11
Let q(v) = -2*v**2 + 15*v + 15*v - 2 - 50*v + 17*v. Let a(j) be the first derivative of -5*j**2/2 + 28*j + 15. Let f be a(6). Give q(f).
-4
Suppose 0 = 2*z + 2. Let u be 1/4 + 11/4 + z. Let h(b) = 5 + 4*b**u - 2*b**3 - b - 2 - 5*b**3 + 6*b**3. What is h(4)?
-1
Let r(q) = q**3 - q**2 - 10*q + 10*q**2 - 7 - 2*q**2. Let b = -235282 - -235274. Calculate r(b).
9
Let n(y) = y**2 + 2*y - 2. Let z = -53 - -55. Suppose z*f = 3*f - 4. Suppose -f - 21 = 5*u. Give n(u).
13
Let r(o) = o**3 - 6*o**2 + 10*o - 6. Let p = 1034 - 1029. Determine r(p).
19
Let g(y) = 1219*y**3 - 1220*y**3 - 4 + 2*y + 22 - 9*y**2. Calculate g(-9).
0
Let t(q) be the first derivative of -7*q**3/3 - q + 20. Let g = 27 - 23. Suppose 2 = 2*c - 4*b, g*c + 2*b = -3*b - 9. What is t(c)?
-8
Suppose 1 = 5*n - 4, 4*u - 2*n = 18. Let x(h) be the first derivative of -h**4/4 + 4*h**3/3 + 5*h**2/2 + 2*h - 3326. Determine x(u).
2
Let n(o) = 16*o**2 + 14*o - 2. Let h be n(-1). Let s be h - 6/3 - (6 + -13). Let u(v) = -7*v - 7. Give u(s).
-42
Let i(y) = 0 - 1 - 3*y + 2*y. Suppose -12*z = 13*z. Suppose z = q + 23 - 20. What is i(q)?
2
Let v(t) = -2*t**2 + 45*t. Let p(a) = -a**2 + 6*a. Let b(s) = 4*p(s) - v(s). Give b(-10).
10
Let z(k) = 56*k + 169. Let v be z(-3). Let p(o) = 48*o**3 + 4*o**2 - o - 2. Determine p(v).
49
Let l(v) be the second derivative of v**5/20 + 11*v**4/12 + 3*v**3/2 - 9*v**2 + 4589*v. What is l(-10)?
-8
Let p = 9 - 11. Let k(t) be the second derivative of -8*t**3/3 + 186*t. Calculate k(p).
32
Let t(g) = -g**3 - g - 18. Let v be t(0). Let b(s) be the third derivative of s**5/60 + 5*s**4/6 + 9*s**3/2 - 2263*s**2. Determine b(v).
-9
Let b(d) = -d + 2. Let p be -2 + (1 + -2)*-1. Let k(m) = -1. Let l(o) = p*k(o) - b(o). Let n = -2133 + 2130. Calculate l(n).
-4
Let y(o) be the first derivative of -o**3/3 - 7*o**2/2 + 10*o + 14. Suppose 0*b = 5*b - 30. Let p(q) = q**2 - 8*q + 5. Let k be p(b). Determine y(k).
10
Suppose -2*p = 2*z + 38, 4*z + 5*p + 78 = 2*p. Let s(l) = l**3 + 23*l**2 + 40*l - 30. Let v be s(z). Let n(t) = -t + 14. Give n(v).
2
Let d(j) = -j**3 + 3*j**2 + 4*j - 4. Let w be -2 - -85 - 9/((-18)/2). Suppose -9 = -4*l + 3*q, -3*l = 3*q - w + 72. Give d(l).
8
Let d = -5670 + 5674. Let c(y) be the second derivative of 0 - 15*y + 0*y**2 - 4/3*y**3 - 1/12*y**d. Determine c(-6).
12
Let y(x) = 38*x**3 + 101*x**2 + 9*x - 95. Let u(d) = 9*d**3 + 25*d**2 + 2*d - 24. Let z(r) = 17*u(r) - 4*y(r). What is z(-21)?
14
Let w(o) = o**2 + 4*o - 3. Let g = 35 + -32. Let k be -1 + g/2*8/12. Let y = -4 - k. Give w(y).
-3
Let f(p) = -p**2 + 5*p - 4. Let j be f(3). Suppose j*s = 10, -s + 23 = 2*v + 4*s. Let t(z) = 7*z**2 - 2. Let l be t(v). Let u(y) = y - 5. Give u(l).
0
Let j = 161 - 130. Suppose -10 = -3*m - j. Let u(o) = o**3 + 6*o**2 - 6*o + 6. Calculate u(m).
-1
Let j be 32/(-12) + 2 + 9/(54/28). Let g(p) = -21*p + 27. Determine g(j).
-57
Let c(y) = -3*y + 1. Let j(n) = -10*n + 3. Let b(m) = -3*c(m) + j(m). Let v = -27 + 16. Let w(t) = -t**2 - 12*t - 6. Let h be w(v). Calculate b(h).
-5
Let o(m) = -m - 1. Let l be o(6). Let y(a) be the second derivative of a**4/12 + a**3/2 - 3*a**2/2 - 16*a + 150. What is y(l)?
25
Let l(y) = -23*y + 25. Let m(k) = 65*k - 71. Let i(s) = -17*l(s) - 6*m(s). Give i(-10).
-9
Let x(z) = -z**3 - z**2 + 3*z - 16. Let y(t) = 2*t**3 - 12*t**2 + 25*t - 75. Let b be y(5). Give x(b).
-16
Let b(k) = 2*k**2 - 3*k + 4. Suppose -h = -4*o + 34, -h + 6*h + 170 = 5*o. Let s = h - -37. Suppose s*m - 3*d = -m + 21, 9 = 5*m + 2*d. Calculate b(m).
13
Let c be (238/35 + -6)/(2/(-5)). Let x be 16 - ((-2)/4)/(c/12). Suppose 6 - x = a. Let y(m) = -m - 3. Give y(a).
4
Let h(m) be the first derivative of -1/6*m**4 - 1/20*m**5 + 1/120*m**6 + 0*m - 17/2*m**2 + 1/6*m**3 - 19. Let x(t) be the second derivative of h(t). Give x(3).
-11
Let x(m) = -2*m**2 - 10*m - 7. Let l = 6418 + -6423. Give x(l).
-7
Suppose 2*r + 6 = 0, -11 + 2 = -4*a - r. Let x(l) = -11701 + l + 11710 - 3*l - a*l**2 + 2*l**2. Determine x(6).
-39
Suppose -4*j = 18*m - 15*m - 23, 4*m - 20 = 0. Let w(c) = -1 + c**3 + 21*c - 10*c**j - 1 - 50*c + 18*c. Determine w(11).
-2
Let q(y) be the third derivative of -29*y**5/30 - y**3/6 + 1348*y**2 + 1. Determine q(-1).
-59
Suppose 14*m - 34*m = 28*m - 1104. Let h(i) = 4*i - 75. Give h(m).
17
Let f(v) = -3*v**3 - 4*v**2 - 14*v - 11. Let p(m) = 14*m**3 + 15*m**2 + 58*m + 46. Let n(h) = -9*f(h) - 2*p(h). What is n(8)?
-41
Suppose -24*r = -238 + 22. Let f(x) = 4*x**3 - 5*x**2 - 8*x - 14. Let i(w) = 7*w**3 - 11*w**2 - 17*w - 27. Let t(s) = 5*f(s) - 3*i(s). Determine t(r).
29
Let o(l) = -3*l**3 + 9*l**2 - 6*l + 3. Let c be o(2). Let y(n) = -3*n + 16. Let t be y(c). Let z(j) = -j + 13. Determine z(t).
6
Let q(a) = -a**3 +